{"id":2411,"date":"2021-11-20T14:46:00","date_gmt":"2021-11-20T13:46:00","guid":{"rendered":"https:\/\/famholmsten.se\/?page_id=2411"},"modified":"2022-03-15T10:54:02","modified_gmt":"2022-03-15T09:54:02","slug":"vellinge","status":"publish","type":"page","link":"https:\/\/famholmsten.se\/290kommuner\/290kommuner\/skane-lan\/vellinge\/","title":{"rendered":"Vellinge"},"content":{"rendered":"\n<p>Vi bes\u00f6kte platsen 20 november 2021.<\/p>\n\n\n\n<p>H\u00e4r kan man prata om utsikt, oj s\u00e5 fint att se ut \u00f6ver alla \u00e5krar och hagar.<br>Eftersom toppen ligger ute p\u00e5 en lerig \u00e5ker valde vi att fota oss p\u00e5 gr\u00e4smattan intill \u00e5kern.<br>Sm\u00e5pratade och f\u00f6rklarade vilka vi var till h\u00e4stg\u00e5rds\u00e4garen, en trevlig kvinna som v\u00e4xt upp i Farsta och som blev sk\u00e5ning f\u00f6r m\u00e5nga \u00e5r sedan.<br>Hon visste sj\u00e4lv om att hennes g\u00e5rd var den h\u00f6gst bel\u00e4gna g\u00e5rden i kommunen men hon hade kanske inte direkt reflekterat att den h\u00f6gsta punkten fanns p\u00e5 hennes \u00e4gor.<br>Alltid lika trevligt att f\u00e5 prata med m\u00e4nniskor man tr\u00e4ffar p\u00e5 v\u00e5r resa genom Sverige.<\/p>\n\n\n\n<figure class=\"wp-block-gallery has-nested-images columns-default is-cropped wp-block-gallery-1 is-layout-flex wp-block-gallery-is-layout-flex\">\n<figure class=\"wp-block-image size-large\"><a href=\"https:\/\/famholmsten.se\/290kommuner\/wp-content\/uploads\/2022\/03\/20211120_105752_SM-G973F.jpg\"><img fetchpriority=\"high\" decoding=\"async\" width=\"2944\" height=\"2208\" data-id=\"3168\" src=\"https:\/\/famholmsten.se\/290kommuner\/wp-content\/uploads\/2022\/03\/20211120_105752_SM-G973F.jpg\" alt=\"\" class=\"wp-image-3168\"\/><\/a><\/figure>\n<\/figure>\n","protected":false},"excerpt":{"rendered":"<p>Vi bes\u00f6kte platsen 20 november 2021. H\u00e4r kan man prata om utsikt, oj s\u00e5 fint att se ut \u00f6ver alla \u00e5krar och hagar.Eftersom toppen ligger ute p\u00e5&hellip;<\/p>\n<p> <a class=\"more-link\" href=\"https:\/\/famholmsten.se\/290kommuner\/290kommuner\/skane-lan\/vellinge\/\">L\u00e4s mer<\/a><\/p>\n","protected":false},"author":1,"featured_media":0,"parent":2173,"menu_order":280,"comment_status":"closed","ping_status":"closed","template":"","meta":{"footnotes":""},"class_list":["post-2411","page","type-page","status-publish"],"_links":{"self":[{"href":"https:\/\/famholmsten.se\/290kommuner\/wp-json\/wp\/v2\/pages\/2411","targetHints":{"allow":["GET"]}}],"collection":[{"href":"https:\/\/famholmsten.se\/290kommuner\/wp-json\/wp\/v2\/pages"}],"about":[{"href":"https:\/\/famholmsten.se\/290kommuner\/wp-json\/wp\/v2\/types\/page"}],"author":[{"embeddable":true,"href":"https:\/\/famholmsten.se\/290kommuner\/wp-json\/wp\/v2\/users\/1"}],"replies":[{"embeddable":true,"href":"https:\/\/famholmsten.se\/290kommuner\/wp-json\/wp\/v2\/comments?post=2411"}],"version-history":[{"count":0,"href":"https:\/\/famholmsten.se\/290kommuner\/wp-json\/wp\/v2\/pages\/2411\/revisions"}],"up":[{"embeddable":true,"href":"https:\/\/famholmsten.se\/290kommuner\/wp-json\/wp\/v2\/pages\/2173"}],"wp:attachment":[{"href":"https:\/\/famholmsten.se\/290kommuner\/wp-json\/wp\/v2\/media?parent=2411"}],"curies":[{"name":"wp","href":"https:\/\/api.w.org\/{rel}","templated":true}]}}

<p>Vi besökte platsen 20 november 2021.</p>



<p>Här kan man prata om utsikt, oj så fint att se ut över alla åkrar och hagar.<br>Eftersom toppen ligger ute på en lerig åker valde vi att fota oss på gräsmattan intill åkern.<br>Småpratade och förklarade vilka vi var till hästgårdsägaren, en trevlig kvinna som växt upp i Farsta och som blev skåning för många år sedan.<br>Hon visste själv om att hennes gård var den högst belägna gården i kommunen men hon hade kanske inte direkt reflekterat att den högsta punkten fanns på hennes ägor.<br>Alltid lika trevligt att få prata med människor man träffar på vår resa genom Sverige.</p>



<figure class="wp-block-gallery has-nested-images columns-default is-cropped wp-block-gallery-1 is-layout-flex wp-block-gallery-is-layout-flex">
<figure class="wp-block-image size-large"><a href="https://famholmsten.se/290kommuner/wp-content/uploads/2022/03/20211120_105752_SM-G973F.jpg"><img fetchpriority="high" decoding="async" width="2944" height="2208" data-id="3168" src="https://famholmsten.se/290kommuner/wp-content/uploads/2022/03/20211120_105752_SM-G973F.jpg" alt="" class="wp-image-3168"/></a></figure>
</figure>

<p>Vi besökte platsen 20 november 2021. Här kan man prata om utsikt, oj så fint att se ut över alla åkrar och hagar.Eftersom toppen ligger ute på&hellip;</p>
<p> <a class="more-link" href="https://famholmsten.se/290kommuner/290kommuner/skane-lan/vellinge/">Läs mer</a></p>
