{"id":2414,"date":"2021-11-20T14:50:00","date_gmt":"2021-11-20T13:50:00","guid":{"rendered":"https:\/\/famholmsten.se\/?page_id=2414"},"modified":"2022-03-15T10:52:59","modified_gmt":"2022-03-15T09:52:59","slug":"malmo-kungshogarna","status":"publish","type":"page","link":"https:\/\/famholmsten.se\/290kommuner\/290kommuner\/skane-lan\/malmo-kungshogarna\/","title":{"rendered":"Malm\u00f6 &#8211; Kungsh\u00f6garna"},"content":{"rendered":"\n<p>Vi bes\u00f6kta platsen 20 november 2021.<\/p>\n\n\n\n<p>En enkel topp att bes\u00f6ka med fin utsikt \u00f6ver kommunen, det g\u00e5r enkelt att se att man st\u00e5r p\u00e5 Malm\u00f6s h\u00f6gsta punkt n\u00e4r man \u00e4r uppe p\u00e5 Kungsh\u00f6garna i Oxie.<br>Enligt informationstavlan \u00e4r det gravar fr\u00e5n brons\u00e5ldern.<\/p>\n\n\n\n<figure class=\"wp-block-gallery has-nested-images columns-default is-cropped wp-block-gallery-1 is-layout-flex wp-block-gallery-is-layout-flex\">\n<figure class=\"wp-block-image size-large\"><a href=\"https:\/\/famholmsten.se\/290kommuner\/wp-content\/uploads\/2022\/03\/20211120_144742_SM-G973F-1.jpg\"><img fetchpriority=\"high\" decoding=\"async\" width=\"4032\" height=\"3024\" data-id=\"3164\" src=\"https:\/\/famholmsten.se\/290kommuner\/wp-content\/uploads\/2022\/03\/20211120_144742_SM-G973F-1.jpg\" alt=\"\" class=\"wp-image-3164\"\/><\/a><\/figure>\n\n\n\n<figure class=\"wp-block-image size-large\"><a href=\"https:\/\/famholmsten.se\/290kommuner\/wp-content\/uploads\/2022\/03\/20211120_144422_SM-G973F.jpg\"><img decoding=\"async\" width=\"2944\" height=\"2208\" data-id=\"3163\" src=\"https:\/\/famholmsten.se\/290kommuner\/wp-content\/uploads\/2022\/03\/20211120_144422_SM-G973F.jpg\" alt=\"\" class=\"wp-image-3163\"\/><\/a><\/figure>\n\n\n\n<figure class=\"wp-block-image size-large\"><a href=\"https:\/\/famholmsten.se\/290kommuner\/wp-content\/uploads\/2022\/03\/20211120_144336_SM-G973F.jpg\"><img decoding=\"async\" width=\"4032\" height=\"3024\" data-id=\"3165\" src=\"https:\/\/famholmsten.se\/290kommuner\/wp-content\/uploads\/2022\/03\/20211120_144336_SM-G973F.jpg\" alt=\"\" class=\"wp-image-3165\"\/><\/a><\/figure>\n\n\n\n<figure class=\"wp-block-image size-large\"><a href=\"https:\/\/famholmsten.se\/290kommuner\/wp-content\/uploads\/2022\/03\/20211120_144311_SM-G973F.jpg\"><img loading=\"lazy\" decoding=\"async\" width=\"4032\" height=\"3024\" data-id=\"3166\" src=\"https:\/\/famholmsten.se\/290kommuner\/wp-content\/uploads\/2022\/03\/20211120_144311_SM-G973F.jpg\" alt=\"\" class=\"wp-image-3166\"\/><\/a><\/figure>\n<\/figure>\n","protected":false},"excerpt":{"rendered":"<p>Vi bes\u00f6kta platsen 20 november 2021. En enkel topp att bes\u00f6ka med fin utsikt \u00f6ver kommunen, det g\u00e5r enkelt att se att man st\u00e5r p\u00e5 Malm\u00f6s h\u00f6gsta&hellip;<\/p>\n<p> <a class=\"more-link\" href=\"https:\/\/famholmsten.se\/290kommuner\/290kommuner\/skane-lan\/malmo-kungshogarna\/\">L\u00e4s mer<\/a><\/p>\n","protected":false},"author":1,"featured_media":0,"parent":2173,"menu_order":170,"comment_status":"closed","ping_status":"closed","template":"","meta":{"footnotes":""},"class_list":["post-2414","page","type-page","status-publish"],"_links":{"self":[{"href":"https:\/\/famholmsten.se\/290kommuner\/wp-json\/wp\/v2\/pages\/2414","targetHints":{"allow":["GET"]}}],"collection":[{"href":"https:\/\/famholmsten.se\/290kommuner\/wp-json\/wp\/v2\/pages"}],"about":[{"href":"https:\/\/famholmsten.se\/290kommuner\/wp-json\/wp\/v2\/types\/page"}],"author":[{"embeddable":true,"href":"https:\/\/famholmsten.se\/290kommuner\/wp-json\/wp\/v2\/users\/1"}],"replies":[{"embeddable":true,"href":"https:\/\/famholmsten.se\/290kommuner\/wp-json\/wp\/v2\/comments?post=2414"}],"version-history":[{"count":0,"href":"https:\/\/famholmsten.se\/290kommuner\/wp-json\/wp\/v2\/pages\/2414\/revisions"}],"up":[{"embeddable":true,"href":"https:\/\/famholmsten.se\/290kommuner\/wp-json\/wp\/v2\/pages\/2173"}],"wp:attachment":[{"href":"https:\/\/famholmsten.se\/290kommuner\/wp-json\/wp\/v2\/media?parent=2414"}],"curies":[{"name":"wp","href":"https:\/\/api.w.org\/{rel}","templated":true}]}}