{"id":2459,"date":"2022-01-18T09:44:04","date_gmt":"2022-01-18T08:44:04","guid":{"rendered":"https:\/\/famholmsten.se\/?page_id=2459"},"modified":"2022-04-25T20:07:22","modified_gmt":"2022-04-25T18:07:22","slug":"flen","status":"publish","type":"page","link":"https:\/\/famholmsten.se\/290kommuner\/290kommuner\/sodermanlands-lan\/flen\/","title":{"rendered":"Flen"},"content":{"rendered":"\n<p>Vi bes\u00f6kte platsen 2 mars 2019.<\/p>\n\n\n\n<p>Vandringen b\u00f6rjade p\u00e5 grusv\u00e4g mot Gruvtorp, passerade torpet och vandrade tills skylt \u201dS\u00f6rmlandsleden\u201d syns p\u00e5 v\u00e4nster sida.<br>Trevlig vandring fram till kalhygget. D\u00e4rifr\u00e5n var det ca 250 meter till toppen.<br>Vi passade p\u00e5 att laga lunch vid toppen. D\u00e4refter tog vi samma v\u00e4g tillbaka.<br>Denna topp delas med Str\u00e4ngn\u00e4s kommun. Gr\u00e4nsen g\u00e5r rakt \u00f6ver toppen.<\/p>\n\n\n\n<figure class=\"wp-block-gallery has-nested-images columns-default is-cropped wp-block-gallery-1 is-layout-flex wp-block-gallery-is-layout-flex\">\n<figure class=\"wp-block-image size-large\"><a href=\"https:\/\/famholmsten.se\/290kommuner\/wp-content\/uploads\/2022\/04\/20190302_155029_SM-G920F.jpg\"><img fetchpriority=\"high\" decoding=\"async\" width=\"5312\" height=\"2988\" data-id=\"3418\" src=\"https:\/\/famholmsten.se\/290kommuner\/wp-content\/uploads\/2022\/04\/20190302_155029_SM-G920F.jpg\" alt=\"\" class=\"wp-image-3418\"\/><\/a><\/figure>\n\n\n\n<figure class=\"wp-block-image size-large\"><a href=\"https:\/\/famholmsten.se\/290kommuner\/wp-content\/uploads\/2022\/04\/20190302_155644_SM-G920F.jpg\"><img decoding=\"async\" width=\"5312\" height=\"2988\" data-id=\"3420\" src=\"https:\/\/famholmsten.se\/290kommuner\/wp-content\/uploads\/2022\/04\/20190302_155644_SM-G920F.jpg\" alt=\"\" class=\"wp-image-3420\"\/><\/a><\/figure>\n\n\n\n<figure class=\"wp-block-image size-large\"><a href=\"https:\/\/famholmsten.se\/290kommuner\/wp-content\/uploads\/2022\/04\/20190302_160333_SM-G920F.jpg\"><img decoding=\"async\" width=\"5312\" height=\"2988\" data-id=\"3419\" src=\"https:\/\/famholmsten.se\/290kommuner\/wp-content\/uploads\/2022\/04\/20190302_160333_SM-G920F.jpg\" alt=\"\" class=\"wp-image-3419\"\/><\/a><\/figure>\n<\/figure>\n","protected":false},"excerpt":{"rendered":"<p>Vi bes\u00f6kte platsen 2 mars 2019. Vandringen b\u00f6rjade p\u00e5 grusv\u00e4g mot Gruvtorp, passerade torpet och vandrade tills skylt \u201dS\u00f6rmlandsleden\u201d syns p\u00e5 v\u00e4nster sida.Trevlig vandring fram till kalhygget.&hellip;<\/p>\n<p> <a class=\"more-link\" href=\"https:\/\/famholmsten.se\/290kommuner\/290kommuner\/sodermanlands-lan\/flen\/\">L\u00e4s mer<\/a><\/p>\n","protected":false},"author":1,"featured_media":0,"parent":733,"menu_order":20,"comment_status":"closed","ping_status":"closed","template":"","meta":{"footnotes":""},"class_list":["post-2459","page","type-page","status-publish"],"_links":{"self":[{"href":"https:\/\/famholmsten.se\/290kommuner\/wp-json\/wp\/v2\/pages\/2459","targetHints":{"allow":["GET"]}}],"collection":[{"href":"https:\/\/famholmsten.se\/290kommuner\/wp-json\/wp\/v2\/pages"}],"about":[{"href":"https:\/\/famholmsten.se\/290kommuner\/wp-json\/wp\/v2\/types\/page"}],"author":[{"embeddable":true,"href":"https:\/\/famholmsten.se\/290kommuner\/wp-json\/wp\/v2\/users\/1"}],"replies":[{"embeddable":true,"href":"https:\/\/famholmsten.se\/290kommuner\/wp-json\/wp\/v2\/comments?post=2459"}],"version-history":[{"count":0,"href":"https:\/\/famholmsten.se\/290kommuner\/wp-json\/wp\/v2\/pages\/2459\/revisions"}],"up":[{"embeddable":true,"href":"https:\/\/famholmsten.se\/290kommuner\/wp-json\/wp\/v2\/pages\/733"}],"wp:attachment":[{"href":"https:\/\/famholmsten.se\/290kommuner\/wp-json\/wp\/v2\/media?parent=2459"}],"curies":[{"name":"wp","href":"https:\/\/api.w.org\/{rel}","templated":true}]}}

<p>Vi besökte platsen 2 mars 2019.</p>



<p>Vandringen började på grusväg mot Gruvtorp, passerade torpet och vandrade tills skylt ”Sörmlandsleden” syns på vänster sida.<br>Trevlig vandring fram till kalhygget. Därifrån var det ca 250 meter till toppen.<br>Vi passade på att laga lunch vid toppen. Därefter tog vi samma väg tillbaka.<br>Denna topp delas med Strängnäs kommun. Gränsen går rakt över toppen.</p>



<figure class="wp-block-gallery has-nested-images columns-default is-cropped wp-block-gallery-1 is-layout-flex wp-block-gallery-is-layout-flex">
<figure class="wp-block-image size-large"><a href="https://famholmsten.se/290kommuner/wp-content/uploads/2022/04/20190302_155029_SM-G920F.jpg"><img fetchpriority="high" decoding="async" width="5312" height="2988" data-id="3418" src="https://famholmsten.se/290kommuner/wp-content/uploads/2022/04/20190302_155029_SM-G920F.jpg" alt="" class="wp-image-3418"/></a></figure>



<figure class="wp-block-image size-large"><a href="https://famholmsten.se/290kommuner/wp-content/uploads/2022/04/20190302_155644_SM-G920F.jpg"><img decoding="async" width="5312" height="2988" data-id="3420" src="https://famholmsten.se/290kommuner/wp-content/uploads/2022/04/20190302_155644_SM-G920F.jpg" alt="" class="wp-image-3420"/></a></figure>



<figure class="wp-block-image size-large"><a href="https://famholmsten.se/290kommuner/wp-content/uploads/2022/04/20190302_160333_SM-G920F.jpg"><img decoding="async" width="5312" height="2988" data-id="3419" src="https://famholmsten.se/290kommuner/wp-content/uploads/2022/04/20190302_160333_SM-G920F.jpg" alt="" class="wp-image-3419"/></a></figure>
</figure>

<p>Vi besökte platsen 2 mars 2019. Vandringen började på grusväg mot Gruvtorp, passerade torpet och vandrade tills skylt ”Sörmlandsleden” syns på vänster sida.Trevlig vandring fram till kalhygget.&hellip;</p>
<p> <a class="more-link" href="https://famholmsten.se/290kommuner/290kommuner/sodermanlands-lan/flen/">Läs mer</a></p>
