{"id":2487,"date":"2021-08-15T10:46:00","date_gmt":"2021-08-15T08:46:00","guid":{"rendered":"https:\/\/famholmsten.se\/?page_id=2487"},"modified":"2022-11-21T16:49:15","modified_gmt":"2022-11-21T15:49:15","slug":"sotenas-bergsberget","status":"publish","type":"page","link":"https:\/\/famholmsten.se\/290kommuner\/290kommuner\/vastra-gotalands-lan\/sotenas-bergsberget\/","title":{"rendered":"Soten\u00e4s &#8211; Bergsberget"},"content":{"rendered":"\n<p>Vi bes\u00f6kte platsen 15 augusti 2021.<\/p>\n\n\n\n<p>Vi parkerade l\u00e4ngs den st\u00f6rre asfalterade v\u00e4gen och promenerade l\u00e4ngs grusv\u00e4gen fram till leden. D\u00e4r vek vi av och fortsatte l\u00e4ngs leden\/stigen upp mot toppen av berget.<br>V\u00e4ldigt bl\u00f6tt och n\u00e5gra kantareller hittades p\u00e5 v\u00e4gen. N\u00e4rmare highpoint blev terr\u00e4ngen s\u00e4mre och vi tog oss fram med viljan. N\u00e4r vi v\u00e4l kom upp var det v\u00e4rt varenda steg, en fin utsikt v\u00e4ntade oss \u00f6ver omr\u00e5det och vi kunde gl\u00e4dja oss att ha bes\u00f6kt \u00e4nnu en topp i landet.<\/p>\n\n\n\n<figure class=\"wp-block-gallery has-nested-images columns-default is-cropped wp-block-gallery-1 is-layout-flex wp-block-gallery-is-layout-flex\">\n<figure class=\"wp-block-image size-large\"><a href=\"https:\/\/famholmsten.se\/290kommuner\/wp-content\/uploads\/2022\/04\/20210815_105950_SM-G973F.jpg\"><img fetchpriority=\"high\" decoding=\"async\" width=\"4032\" height=\"3024\" data-id=\"3517\" src=\"https:\/\/famholmsten.se\/290kommuner\/wp-content\/uploads\/2022\/04\/20210815_105950_SM-G973F.jpg\" alt=\"\" class=\"wp-image-3517\"\/><\/a><\/figure>\n\n\n\n<figure class=\"wp-block-image size-large\"><a href=\"https:\/\/famholmsten.se\/290kommuner\/wp-content\/uploads\/2022\/04\/20210815_110130_SM-G973F.jpg\"><img decoding=\"async\" width=\"4032\" height=\"3024\" data-id=\"3518\" src=\"https:\/\/famholmsten.se\/290kommuner\/wp-content\/uploads\/2022\/04\/20210815_110130_SM-G973F.jpg\" alt=\"\" class=\"wp-image-3518\"\/><\/a><\/figure>\n\n\n\n<figure class=\"wp-block-image size-large\"><a href=\"https:\/\/famholmsten.se\/290kommuner\/wp-content\/uploads\/2022\/04\/20210815_110326_SM-G973F.jpg\"><img decoding=\"async\" width=\"4032\" height=\"3024\" data-id=\"3519\" src=\"https:\/\/famholmsten.se\/290kommuner\/wp-content\/uploads\/2022\/04\/20210815_110326_SM-G973F.jpg\" alt=\"\" class=\"wp-image-3519\"\/><\/a><\/figure>\n<\/figure>\n","protected":false},"excerpt":{"rendered":"<p>Vi bes\u00f6kte platsen 15 augusti 2021. Vi parkerade l\u00e4ngs den st\u00f6rre asfalterade v\u00e4gen och promenerade l\u00e4ngs grusv\u00e4gen fram till leden. D\u00e4r vek vi av och fortsatte l\u00e4ngs&hellip;<\/p>\n<p> <a class=\"more-link\" href=\"https:\/\/famholmsten.se\/290kommuner\/290kommuner\/vastra-gotalands-lan\/sotenas-bergsberget\/\">L\u00e4s mer<\/a><\/p>\n","protected":false},"author":1,"featured_media":0,"parent":1734,"menu_order":320,"comment_status":"closed","ping_status":"closed","template":"","meta":{"footnotes":""},"class_list":["post-2487","page","type-page","status-publish"],"_links":{"self":[{"href":"https:\/\/famholmsten.se\/290kommuner\/wp-json\/wp\/v2\/pages\/2487","targetHints":{"allow":["GET"]}}],"collection":[{"href":"https:\/\/famholmsten.se\/290kommuner\/wp-json\/wp\/v2\/pages"}],"about":[{"href":"https:\/\/famholmsten.se\/290kommuner\/wp-json\/wp\/v2\/types\/page"}],"author":[{"embeddable":true,"href":"https:\/\/famholmsten.se\/290kommuner\/wp-json\/wp\/v2\/users\/1"}],"replies":[{"embeddable":true,"href":"https:\/\/famholmsten.se\/290kommuner\/wp-json\/wp\/v2\/comments?post=2487"}],"version-history":[{"count":1,"href":"https:\/\/famholmsten.se\/290kommuner\/wp-json\/wp\/v2\/pages\/2487\/revisions"}],"predecessor-version":[{"id":4050,"href":"https:\/\/famholmsten.se\/290kommuner\/wp-json\/wp\/v2\/pages\/2487\/revisions\/4050"}],"up":[{"embeddable":true,"href":"https:\/\/famholmsten.se\/290kommuner\/wp-json\/wp\/v2\/pages\/1734"}],"wp:attachment":[{"href":"https:\/\/famholmsten.se\/290kommuner\/wp-json\/wp\/v2\/media?parent=2487"}],"curies":[{"name":"wp","href":"https:\/\/api.w.org\/{rel}","templated":true}]}}

Sotenäs &#8211; Bergsberget

<p>Vi besökte platsen 15 augusti 2021.</p>



<p>Vi parkerade längs den större asfalterade vägen och promenerade längs grusvägen fram till leden. Där vek vi av och fortsatte längs leden/stigen upp mot toppen av berget.<br>Väldigt blött och några kantareller hittades på vägen. Närmare highpoint blev terrängen sämre och vi tog oss fram med viljan. När vi väl kom upp var det värt varenda steg, en fin utsikt väntade oss över området och vi kunde glädja oss att ha besökt ännu en topp i landet.</p>



<figure class="wp-block-gallery has-nested-images columns-default is-cropped wp-block-gallery-1 is-layout-flex wp-block-gallery-is-layout-flex">
<figure class="wp-block-image size-large"><a href="https://famholmsten.se/290kommuner/wp-content/uploads/2022/04/20210815_105950_SM-G973F.jpg"><img fetchpriority="high" decoding="async" width="4032" height="3024" data-id="3517" src="https://famholmsten.se/290kommuner/wp-content/uploads/2022/04/20210815_105950_SM-G973F.jpg" alt="" class="wp-image-3517"/></a></figure>



<figure class="wp-block-image size-large"><a href="https://famholmsten.se/290kommuner/wp-content/uploads/2022/04/20210815_110130_SM-G973F.jpg"><img decoding="async" width="4032" height="3024" data-id="3518" src="https://famholmsten.se/290kommuner/wp-content/uploads/2022/04/20210815_110130_SM-G973F.jpg" alt="" class="wp-image-3518"/></a></figure>



<figure class="wp-block-image size-large"><a href="https://famholmsten.se/290kommuner/wp-content/uploads/2022/04/20210815_110326_SM-G973F.jpg"><img decoding="async" width="4032" height="3024" data-id="3519" src="https://famholmsten.se/290kommuner/wp-content/uploads/2022/04/20210815_110326_SM-G973F.jpg" alt="" class="wp-image-3519"/></a></figure>
</figure>

<p>Vi besökte platsen 15 augusti 2021. Vi parkerade längs den större asfalterade vägen och promenerade längs grusvägen fram till leden. Där vek vi av och fortsatte längs&hellip;</p>
<p> <a class="more-link" href="https://famholmsten.se/290kommuner/290kommuner/vastra-gotalands-lan/sotenas-bergsberget/">Läs mer</a></p>
