{"id":3845,"date":"2022-09-17T16:00:16","date_gmt":"2022-09-17T14:00:16","guid":{"rendered":"https:\/\/famholmsten.se\/?page_id=3845"},"modified":"2022-11-21T18:11:00","modified_gmt":"2022-11-21T17:11:00","slug":"dals-ed-orshojden","status":"publish","type":"page","link":"https:\/\/famholmsten.se\/290kommuner\/290kommuner\/vastra-gotalands-lan\/dals-ed-orshojden\/","title":{"rendered":"Dals-Ed &#8211; Orsh\u00f6jden"},"content":{"rendered":"\n<p>Vi bes\u00f6kte platsen 21 juni 2022.<\/p>\n\n\n\n<p>Vi \u00f6vernattade vid huvudentr\u00e9n till Tresticklans nationalpark. Nj\u00f6t av kv\u00e4llen och sov gott under natten. En hel del knott.<br>P\u00e5 morgonen b\u00f6rjade vandringen mot Orsh\u00f6jden. Vi hade fyllt vattenflaskorna och tagit med oss mellanm\u00e5l.<br>En otrolig vandring i magisk natur. S\u00e5 fint och fridfullt. Vi f\u00f6ljde spricklandskapet och till och fr\u00e5n bilen blev det en vandring p\u00e5 drygt 10km.<br>Vid toppen satt ett \u00e4ldre par och lagade mat. Vi tog lite mellanm\u00e5l och fortsatte sedan tillbaka till bilen.<br>Ett absolut m\u00e5ste, att bes\u00f6ka nationalparken!<br>Man kunde tydligt se att man var framme vid toppen d\u00e5 det stod ett stort r\u00f6se d\u00e4r. Triangelpunkten fanns en kort bit fr\u00e5n stenr\u00f6set.<\/p>\n\n\n\n<figure class=\"wp-block-gallery has-nested-images columns-default is-cropped wp-block-gallery-1 is-layout-flex wp-block-gallery-is-layout-flex\">\n<figure class=\"wp-block-image size-large\"><a href=\"https:\/\/famholmsten.se\/290kommuner\/wp-content\/uploads\/2022\/11\/20220621_112636.jpg\"><img fetchpriority=\"high\" decoding=\"async\" width=\"4032\" height=\"3024\" data-id=\"4200\" src=\"https:\/\/famholmsten.se\/290kommuner\/wp-content\/uploads\/2022\/11\/20220621_112636.jpg\" alt=\"\" class=\"wp-image-4200\"\/><\/a><\/figure>\n\n\n\n<figure class=\"wp-block-image size-large\"><a href=\"https:\/\/famholmsten.se\/290kommuner\/wp-content\/uploads\/2022\/11\/20220621_111556.jpg\"><img decoding=\"async\" width=\"4032\" height=\"3024\" data-id=\"4194\" src=\"https:\/\/famholmsten.se\/290kommuner\/wp-content\/uploads\/2022\/11\/20220621_111556.jpg\" alt=\"\" class=\"wp-image-4194\"\/><\/a><\/figure>\n\n\n\n<figure class=\"wp-block-image size-large\"><a href=\"https:\/\/famholmsten.se\/290kommuner\/wp-content\/uploads\/2022\/11\/20220621_105706.jpg\"><img decoding=\"async\" width=\"4032\" height=\"3024\" data-id=\"4197\" src=\"https:\/\/famholmsten.se\/290kommuner\/wp-content\/uploads\/2022\/11\/20220621_105706.jpg\" alt=\"\" class=\"wp-image-4197\"\/><\/a><\/figure>\n\n\n\n<figure class=\"wp-block-image size-large\"><a href=\"https:\/\/famholmsten.se\/290kommuner\/wp-content\/uploads\/2022\/11\/20220621_104941.jpg\"><img loading=\"lazy\" decoding=\"async\" width=\"2944\" height=\"2208\" data-id=\"4193\" src=\"https:\/\/famholmsten.se\/290kommuner\/wp-content\/uploads\/2022\/11\/20220621_104941.jpg\" alt=\"\" class=\"wp-image-4193\"\/><\/a><\/figure>\n\n\n\n<figure class=\"wp-block-image size-large\"><a href=\"https:\/\/famholmsten.se\/290kommuner\/wp-content\/uploads\/2022\/11\/20220621_104839.jpg\"><img loading=\"lazy\" decoding=\"async\" width=\"2944\" height=\"2208\" data-id=\"4192\" src=\"https:\/\/famholmsten.se\/290kommuner\/wp-content\/uploads\/2022\/11\/20220621_104839.jpg\" alt=\"\" class=\"wp-image-4192\"\/><\/a><\/figure>\n\n\n\n<figure class=\"wp-block-image size-large\"><a href=\"https:\/\/famholmsten.se\/290kommuner\/wp-content\/uploads\/2022\/11\/20220621_104726.jpg\"><img loading=\"lazy\" decoding=\"async\" width=\"4032\" height=\"3024\" data-id=\"4201\" src=\"https:\/\/famholmsten.se\/290kommuner\/wp-content\/uploads\/2022\/11\/20220621_104726.jpg\" alt=\"\" class=\"wp-image-4201\"\/><\/a><\/figure>\n\n\n\n<figure class=\"wp-block-image size-large\"><a href=\"https:\/\/famholmsten.se\/290kommuner\/wp-content\/uploads\/2022\/11\/20220621_104103.jpg\"><img loading=\"lazy\" decoding=\"async\" width=\"4032\" height=\"3024\" data-id=\"4196\" src=\"https:\/\/famholmsten.se\/290kommuner\/wp-content\/uploads\/2022\/11\/20220621_104103.jpg\" alt=\"\" class=\"wp-image-4196\"\/><\/a><\/figure>\n\n\n\n<figure class=\"wp-block-image size-large\"><a href=\"https:\/\/famholmsten.se\/290kommuner\/wp-content\/uploads\/2022\/11\/20220621_103943.jpg\"><img loading=\"lazy\" decoding=\"async\" width=\"2944\" height=\"2208\" data-id=\"4195\" src=\"https:\/\/famholmsten.se\/290kommuner\/wp-content\/uploads\/2022\/11\/20220621_103943.jpg\" alt=\"\" class=\"wp-image-4195\"\/><\/a><\/figure>\n\n\n\n<figure class=\"wp-block-image size-large\"><a href=\"https:\/\/famholmsten.se\/290kommuner\/wp-content\/uploads\/2022\/11\/20220621_103812.jpg\"><img loading=\"lazy\" decoding=\"async\" width=\"2944\" height=\"2208\" data-id=\"4198\" src=\"https:\/\/famholmsten.se\/290kommuner\/wp-content\/uploads\/2022\/11\/20220621_103812.jpg\" alt=\"\" class=\"wp-image-4198\"\/><\/a><\/figure>\n\n\n\n<figure class=\"wp-block-image size-large\"><a href=\"https:\/\/famholmsten.se\/290kommuner\/wp-content\/uploads\/2022\/11\/20220621_102532.jpg\"><img loading=\"lazy\" decoding=\"async\" width=\"4032\" height=\"3024\" data-id=\"4203\" src=\"https:\/\/famholmsten.se\/290kommuner\/wp-content\/uploads\/2022\/11\/20220621_102532.jpg\" alt=\"\" class=\"wp-image-4203\"\/><\/a><\/figure>\n\n\n\n<figure class=\"wp-block-image size-large\"><a href=\"https:\/\/famholmsten.se\/290kommuner\/wp-content\/uploads\/2022\/11\/20220621_102015.jpg\"><img loading=\"lazy\" decoding=\"async\" width=\"4032\" height=\"3024\" data-id=\"4199\" src=\"https:\/\/famholmsten.se\/290kommuner\/wp-content\/uploads\/2022\/11\/20220621_102015.jpg\" alt=\"\" class=\"wp-image-4199\"\/><\/a><\/figure>\n\n\n\n<figure class=\"wp-block-image size-large\"><a href=\"https:\/\/famholmsten.se\/290kommuner\/wp-content\/uploads\/2022\/11\/20220621_101838.jpg\"><img loading=\"lazy\" decoding=\"async\" width=\"4032\" height=\"3024\" data-id=\"4205\" src=\"https:\/\/famholmsten.se\/290kommuner\/wp-content\/uploads\/2022\/11\/20220621_101838.jpg\" alt=\"\" class=\"wp-image-4205\"\/><\/a><\/figure>\n\n\n\n<figure class=\"wp-block-image size-large\"><a href=\"https:\/\/famholmsten.se\/290kommuner\/wp-content\/uploads\/2022\/11\/20220621_101743.jpg\"><img loading=\"lazy\" decoding=\"async\" width=\"4032\" height=\"3024\" data-id=\"4202\" src=\"https:\/\/famholmsten.se\/290kommuner\/wp-content\/uploads\/2022\/11\/20220621_101743.jpg\" alt=\"\" class=\"wp-image-4202\"\/><\/a><\/figure>\n\n\n\n<figure class=\"wp-block-image size-large\"><a href=\"https:\/\/famholmsten.se\/290kommuner\/wp-content\/uploads\/2022\/11\/20220621_093816.jpg\"><img loading=\"lazy\" decoding=\"async\" width=\"4032\" height=\"3024\" data-id=\"4204\" src=\"https:\/\/famholmsten.se\/290kommuner\/wp-content\/uploads\/2022\/11\/20220621_093816.jpg\" alt=\"\" class=\"wp-image-4204\"\/><\/a><\/figure>\n\n\n\n<figure class=\"wp-block-image size-large\"><a href=\"https:\/\/famholmsten.se\/290kommuner\/wp-content\/uploads\/2022\/11\/20220621_091132.jpg\"><img loading=\"lazy\" decoding=\"async\" width=\"4032\" height=\"3024\" data-id=\"4207\" src=\"https:\/\/famholmsten.se\/290kommuner\/wp-content\/uploads\/2022\/11\/20220621_091132.jpg\" alt=\"\" class=\"wp-image-4207\"\/><\/a><\/figure>\n\n\n\n<figure class=\"wp-block-image size-large\"><a href=\"https:\/\/famholmsten.se\/290kommuner\/wp-content\/uploads\/2022\/11\/20220620_204717.jpg\"><img loading=\"lazy\" decoding=\"async\" width=\"4032\" height=\"3024\" data-id=\"4209\" src=\"https:\/\/famholmsten.se\/290kommuner\/wp-content\/uploads\/2022\/11\/20220620_204717.jpg\" alt=\"\" class=\"wp-image-4209\"\/><\/a><\/figure>\n\n\n\n<figure class=\"wp-block-image size-large\"><a href=\"https:\/\/famholmsten.se\/290kommuner\/wp-content\/uploads\/2022\/11\/20220620_204321.jpg\"><img loading=\"lazy\" decoding=\"async\" width=\"4032\" height=\"3024\" data-id=\"4206\" src=\"https:\/\/famholmsten.se\/290kommuner\/wp-content\/uploads\/2022\/11\/20220620_204321.jpg\" alt=\"\" class=\"wp-image-4206\"\/><\/a><\/figure>\n\n\n\n<figure class=\"wp-block-image size-large\"><a href=\"https:\/\/famholmsten.se\/290kommuner\/wp-content\/uploads\/2022\/11\/20220620_203348.jpg\"><img loading=\"lazy\" decoding=\"async\" width=\"4032\" height=\"3024\" data-id=\"4208\" src=\"https:\/\/famholmsten.se\/290kommuner\/wp-content\/uploads\/2022\/11\/20220620_203348.jpg\" alt=\"\" class=\"wp-image-4208\"\/><\/a><\/figure>\n\n\n\n<figure class=\"wp-block-image size-large\"><a href=\"https:\/\/famholmsten.se\/290kommuner\/wp-content\/uploads\/2022\/11\/20220620_201957.jpg\"><img loading=\"lazy\" decoding=\"async\" width=\"4032\" height=\"3024\" data-id=\"4210\" src=\"https:\/\/famholmsten.se\/290kommuner\/wp-content\/uploads\/2022\/11\/20220620_201957.jpg\" alt=\"\" class=\"wp-image-4210\"\/><\/a><\/figure>\n<\/figure>\n\n\n<div class=\"leaflet-map WPLeafletMap\" style=\"height:400px; width:100%;\"><\/div><script>\nwindow.WPLeafletMapPlugin = window.WPLeafletMapPlugin || [];\nwindow.WPLeafletMapPlugin.push(function WPLeafletMapShortcode() {\/*<script>*\/\nvar baseUrl = atob('aHR0cHM6Ly97c30udGlsZS5vcGVuc3RyZWV0bWFwLm9yZy97en0ve3h9L3t5fS5wbmc=');\nvar base = (!baseUrl && window.MQ) ?\n    window.MQ.mapLayer() : L.tileLayer(baseUrl,\n        L.Util.extend({}, {\n            detectRetina: 0,\n        },\n        {\"subdomains\":\"abc\",\"accessToken\":\"pk.eyJ1IjoiZmFtaG9sbXN0ZW4iLCJhIjoiY2s2c2M5dDBpMGUwcTNlcXZocTl0ZGUxNSJ9.1ors-ho_4ccmezHFnyP0zQ\",\"noWrap\":false,\"maxZoom\":20}        )\n    );\n    var options = L.Util.extend({}, {\n        layers: [base],\n        attributionControl: false\n    },\n    {\"zoomControl\":true,\"scrollWheelZoom\":false,\"doubleClickZoom\":false,\"fitBounds\":true,\"minZoom\":0,\"maxZoom\":20,\"maxBounds\":null,\"attribution\":\"<a href=\\\"http:\\\/\\\/leafletjs.com\\\" title=\\\"A JS library for interactive maps\\\">Leaflet<\\\/a>; \\u00a9 <a href=\\\"http:\\\/\\\/www.openstreetmap.org\\\/copyright\\\">OpenStreetMap<\\\/a> contributors\"},\n    {});\nwindow.WPLeafletMapPlugin.createMap(options).setView([59.029066666667,11.7594],12);});<\/script>\n<script>\nwindow.WPLeafletMapPlugin = window.WPLeafletMapPlugin || [];\nwindow.WPLeafletMapPlugin.push(function WPLeafletMarkerShortcode() {\/*<script>*\/\nvar map = window.WPLeafletMapPlugin.getCurrentMap();\nvar group = window.WPLeafletMapPlugin.getCurrentGroup();\nvar marker_options = window.WPLeafletMapPlugin.getIconOptions({});\nvar marker = L.marker(\n    [59.029066666667,11.7594],\n    marker_options\n);\nvar is_image = map.is_image_map;\nif (marker_options.draggable) {\n    marker.on('dragend', function () {\n        var latlng = this.getLatLng();\n        var lat = latlng.lat;\n        var lng = latlng.lng;\n        if (is_image) {\n            console.log('leaflet-marker y=' + lat + ' x=' + lng);\n        } else {\n            console.log('leaflet-marker lat=' + lat + ' lng=' + lng);\n        }\n    });\n}\nmarker.addTo( group );\nmarker.bindPopup(window.WPLeafletMapPlugin.unescape('Dals-Ed'));window.WPLeafletMapPlugin.markers.push( marker );\n        });<\/script>\n<script>\nwindow.WPLeafletMapPlugin = window.WPLeafletMapPlugin || [];\nwindow.WPLeafletMapPlugin.push(function WPLeafletCircleShortcode() {\/*<script>*\/\nvar previous_map = window.WPLeafletMapPlugin.getCurrentMap();\nvar group = window.WPLeafletMapPlugin.getCurrentGroup();\nvar fitbounds = 0;\nvar is_image = previous_map.is_image_map;\nvar lat = 59.029066666667;\nvar lng = 11.7594;\nvar radius = 100;\n\/\/ update lat lng to previous map's center\nif (!lat && !lng && !is_image) {\n    var map_center = previous_map.getCenter();\n    lat = map_center.lat;\n    lng = map_center.lng;\n}\nvar circle = L.circle([lat, lng], {radius: radius});\ncircle.setStyle({\"opacity\":0,\"fillOpacity\":0,\"radius\":100});\ncircle.addTo( group );\nwindow.WPLeafletMapPlugin.circles.push( circle );\nif (fitbounds) {\n    \/\/ zoom the map to the polyline\n    previous_map.fitBounds( circle.getBounds() );\n}});<\/script>\n<table width='100%'><tr>\n<td>Highpoint: <a href='https:\/\/minkarta.lantmateriet.se\/plats\/3006\/v1.0\/?e=314024&n=6547800&z=12&mapprofile=bergodal&background=3&boundaries=false&category=highpoint&name=Dals-Ed'>N6547800 E314024<\/a><\/td><td><div align=center>@famholmsten<\/div><\/td><td>&nbsp;<\/td>\n<\/tr><\/table>\n\n","protected":false},"excerpt":{"rendered":"<p>Vi bes\u00f6kte platsen 21 juni 2022. Vi \u00f6vernattade vid huvudentr\u00e9n till Tresticklans nationalpark. Nj\u00f6t av kv\u00e4llen och sov gott under natten. En hel del knott.P\u00e5 morgonen b\u00f6rjade&hellip;<\/p>\n<p> <a class=\"more-link\" href=\"https:\/\/famholmsten.se\/290kommuner\/290kommuner\/vastra-gotalands-lan\/dals-ed-orshojden\/\">L\u00e4s mer<\/a><\/p>\n","protected":false},"author":1,"featured_media":0,"parent":1734,"menu_order":60,"comment_status":"closed","ping_status":"closed","template":"","meta":{"footnotes":""},"class_list":["post-3845","page","type-page","status-publish"],"_links":{"self":[{"href":"https:\/\/famholmsten.se\/290kommuner\/wp-json\/wp\/v2\/pages\/3845","targetHints":{"allow":["GET"]}}],"collection":[{"href":"https:\/\/famholmsten.se\/290kommuner\/wp-json\/wp\/v2\/pages"}],"about":[{"href":"https:\/\/famholmsten.se\/290kommuner\/wp-json\/wp\/v2\/types\/page"}],"author":[{"embeddable":true,"href":"https:\/\/famholmsten.se\/290kommuner\/wp-json\/wp\/v2\/users\/1"}],"replies":[{"embeddable":true,"href":"https:\/\/famholmsten.se\/290kommuner\/wp-json\/wp\/v2\/comments?post=3845"}],"version-history":[{"count":3,"href":"https:\/\/famholmsten.se\/290kommuner\/wp-json\/wp\/v2\/pages\/3845\/revisions"}],"predecessor-version":[{"id":4212,"href":"https:\/\/famholmsten.se\/290kommuner\/wp-json\/wp\/v2\/pages\/3845\/revisions\/4212"}],"up":[{"embeddable":true,"href":"https:\/\/famholmsten.se\/290kommuner\/wp-json\/wp\/v2\/pages\/1734"}],"wp:attachment":[{"href":"https:\/\/famholmsten.se\/290kommuner\/wp-json\/wp\/v2\/media?parent=3845"}],"curies":[{"name":"wp","href":"https:\/\/api.w.org\/{rel}","templated":true}]}}